{"id":3429,"date":"2023-04-23T21:07:16","date_gmt":"2023-04-23T19:07:16","guid":{"rendered":"https:\/\/hkopen.cz\/?page_id=3429"},"modified":"2026-05-10T09:25:29","modified_gmt":"2026-05-10T07:25:29","slug":"registration","status":"publish","type":"page","link":"https:\/\/hkopen.cz\/index.php\/en\/registration\/","title":{"rendered":"Registration"},"content":{"rendered":"\n<p>For this year&#8217;s competition we are again using the WDSF registration system. We promise a simple registration in a familiar environment and with maximum use of your data that you have already provided to WDSF in the past. Please continue by pressing the button below.<\/p>\n\n\n\n<div class=\"wp-block-buttons is-content-justification-center is-layout-flex wp-container-core-buttons-is-layout-16018d1d wp-block-buttons-is-layout-flex\">\n<div class=\"wp-block-button\"><a class=\"wp-block-button__link has-nv-site-bg-color has-neve-link-color-background-color has-text-color has-background wp-element-button\" href=\"https:\/\/my.wdsf.org\/Competitions\/Register\/RegisterCouple\/8782\" target=\"_blank\" rel=\"noreferrer noopener\">WDSF Registration<\/a><\/div>\n\n\n\n<div class=\"wp-block-button\"><a class=\"wp-block-button__link has-neve-link-color-color has-nv-light-bg-background-color has-text-color has-background wp-element-button\" href=\"https:\/\/hkopen.cz\/index.php\/dse-gp-registration\/\">DSE GP registration<\/a><\/div>\n<\/div>\n\n\n\n<div style=\"height:23px\" aria-hidden=\"true\" class=\"wp-block-spacer\"><\/div>\n\n\n\n<hr class=\"wp-block-separator has-alpha-channel-opacity\"\/>\n\n\n\n<p>Despite its many advantages, this system has a few tricky issues that generate a significant number of misunderstandings and queries. How does it work?<\/p>\n\n\n\n<ol class=\"wp-block-list\">\n<li>Fill in your MIN numbers &#8211; Please note that you must have a valid WDSF license at the time of the competition to register.<\/li>\n\n\n\n<li>Select the desired competitions &#8211; The total price of the entry fee in EUR will be calculated automatically.<\/li>\n\n\n\n<li>Choose the method of payment &#8211; This is only possible by bank transfer.<\/li>\n\n\n\n<li>Once submitted, you will be shown a page with your payment details and a <strong>unique &#8222;Reference&#8220; number<\/strong> and a confirmation email will automatically be sent to you.<\/li>\n\n\n\n<li>Pay the entry fee &#8211; <strong>In the payment order, include in the message to the recipient &#8222;Reference&#8220; number from the previous point for clear identification (or other information by which we can recognize the couple).<\/strong><\/li>\n\n\n\n<li>Bank account details:<br>Account number (for CZ transactions): 2502187994\/2010<br>IBAN: CZ8320100000002502187994<br>BIC: FIOBCZPPXXX<br>Bank address: Fio banka, a.s., Na Florenci 2139\/2, 110 00 Praha<br>Account owner: Dance Team Hradec Kr\u00e1lov\u00e9<\/li>\n\n\n\n<li>Once your payment reaches our account, we have to manually confirm this in the WDSF system. This operation can take several days and will be confirmed by an email we will send you.<\/li>\n\n\n\n<li>Upon arrival at the competition, we will verify your details and if everything is OK, you will be admitted.<\/li>\n\n\n\n<li>You can also pay on the day in cash, however you will have to pay a surcharge of 10 EUR for each competition.<\/li>\n<\/ol>\n\n\n\n<hr class=\"wp-block-separator has-alpha-channel-opacity\"\/>\n\n\n\n<p><strong>DSE GP Competitions<\/strong><\/p>\n\n\n\n<p>Registration is available via the hkopen.cz website.<\/p>\n\n\n\n<ol class=\"wp-block-list\">\n<li>Fill in and submit the registration form \u2014 a confirmation with a QR code for easier payment of the entry fee will be displayed. The same information will also be sent to your email.<\/li>\n\n\n\n<li>Once the entry fee has been credited to our bank account (2502187994\/2010), your registration will be confirmed and the couple will appear on the starting list. Please excuse any delay in updating the list.<\/li>\n\n\n\n<li>Upon arrival at the competition, we will only verify your details.<\/li>\n\n\n\n<li>Payment can also be made in cash on site; however, an additional fee of EUR 10 per competition will apply.<\/li>\n<\/ol>\n\n\n\n<hr class=\"wp-block-separator has-alpha-channel-opacity\"\/>\n\n\n\n<p>If you have any problems or questions, please do not hesitate to contact us at hkopen2026@gmail.com. Thank you.<\/p>\n","protected":false},"excerpt":{"rendered":"<p>For this year&#8217;s competition we are again using the WDSF registration system. We promise a simple registration in a familiar environment and with maximum use of your data that you have already provided to WDSF in the past. Please continue by pressing the button below. Despite its many advantages, this system has a few tricky&hellip;&nbsp;<a href=\"https:\/\/hkopen.cz\/index.php\/en\/registration\/\" rel=\"bookmark\">\u010c\u00edst d\u00e1le &raquo;<span class=\"screen-reader-text\">Registration<\/span><\/a><\/p>\n","protected":false},"author":1,"featured_media":0,"parent":0,"menu_order":4,"comment_status":"closed","ping_status":"closed","template":"","meta":{"neve_meta_sidebar":"","neve_meta_container":"","neve_meta_enable_content_width":"","neve_meta_content_width":0,"neve_meta_title_alignment":"","neve_meta_author_avatar":"","neve_post_elements_order":"","neve_meta_disable_header":"","neve_meta_disable_footer":"","neve_meta_disable_title":"","footnotes":""},"class_list":["post-3429","page","type-page","status-publish","hentry"],"_links":{"self":[{"href":"https:\/\/hkopen.cz\/index.php\/wp-json\/wp\/v2\/pages\/3429","targetHints":{"allow":["GET"]}}],"collection":[{"href":"https:\/\/hkopen.cz\/index.php\/wp-json\/wp\/v2\/pages"}],"about":[{"href":"https:\/\/hkopen.cz\/index.php\/wp-json\/wp\/v2\/types\/page"}],"author":[{"embeddable":true,"href":"https:\/\/hkopen.cz\/index.php\/wp-json\/wp\/v2\/users\/1"}],"replies":[{"embeddable":true,"href":"https:\/\/hkopen.cz\/index.php\/wp-json\/wp\/v2\/comments?post=3429"}],"version-history":[{"count":19,"href":"https:\/\/hkopen.cz\/index.php\/wp-json\/wp\/v2\/pages\/3429\/revisions"}],"predecessor-version":[{"id":5073,"href":"https:\/\/hkopen.cz\/index.php\/wp-json\/wp\/v2\/pages\/3429\/revisions\/5073"}],"wp:attachment":[{"href":"https:\/\/hkopen.cz\/index.php\/wp-json\/wp\/v2\/media?parent=3429"}],"curies":[{"name":"wp","href":"https:\/\/api.w.org\/{rel}","templated":true}]}}